16.
7
Calculate the remainder when 128874 is divided by 563.
510
Calculate the remainder when 403204 is divided by 20160.
4
Calculate the remainder when 3045079 is divided by 2347.
1020
Calculate the remainder when 4164803 is divided by 2784.
2723
What is the remainder when 334071 is divided by 1162?
577
What is the remainder when 19996015 is divided by 60?
55
What is the remainder when 32964 is divided by 4086?
276
Calculate the remainder when 584708481 is divided by 29.
12
What is the remainder when 192581 is divided by 151?
56
Calculate the remainder when 77690 is divided by 903.
32
Calculate the remainder when 372956190 is divided by 224.
222
What is the remainder when 656909 is divided by 198?
143
What is the remainder when 2036104 is divided by 118?
14
What is the remainder when 97192176 is divided by 98873?
17
Calculate the remainder when 1500773 is divided by 50.
23
Calculate the remainder when 11341443 is divided by 1601.
1560
Calculate the remainder when 3371729 is divided by 198330.
119
What is the remainder when 402046 is divided by 30?
16
What is the remainder when 2790694 is divided by 6027?
193
Calculate the remainder when 223517 is divided by 682.
503
What is the remainder when 126343 is divided by 25231?
188
Calculate the remainder when 2037429 is divided by 630.
9
What is the remainder when 1997416 is divided by 25?
16
What is the remainder when 603052 is divided by 27403?
186
Calculate the remainder when 162445 is divided by 16.
13
What is the remainder when 85660 is divided by 1256?
252
What is the remainder when 14281235 is divided by 5309?
25
Calculate the remainder when 31483045 is divided by 394.
81
Calculate the remainder when 24068666 is divided by 332.
326
Calculate the remainder when 11482173 is divided by 11.
10
What is the remainder when 22148 is divided by 395?
28
What is the remainder when 14229341 is divided by 129?
125
Calculate the remainder when 2080246 is divided by 2476.
406
What is the remainder when 283513754 is divided by 12?
2
What is the remainder when 19864 is divided by 836?
636
Calculate the remainder when 128959 is divided by 19.
6
Calculate the remainder when 722001777 is divided by 1174.
1169
What is the remainder when 36875 is divided by 2712?
1619
What is the remainder when 75862247 is divided by 83?
81
What is the remainder when 19709996 is divided by 2463749?
4
Calculate the remainder when 711908 is divided by 74.
28
Calculate the remainder when 735723729 is divided by 490.
489
What is the remainder when 2255964 is divided by 2?
0
What is the remainder when 1805808 is divided by 1045?
48
What is the remainder when 39221 is divided by 38770?
451
Calculate the remainder when 24267447 is divided by 65.
22
What is the remainder when 3587 is divided by 1186?
29
Calculate the remainder when 2168485 is divided by 146.
93
Calculate the remainder when 2897 is divided by 2274.
623
Calculate the remainder when 293875 is divided by 9171.
403
Calculate the remainder when 4474362 is divided by 894871.
7
What is the remainder when 3223137 is divided by 907?
566
Calculate the remainder when 83895 is divided by 1816.
359
Calculate the remainder when 151367 is divided by 10140.
9407
Calculate the remainder when 4554063 is divided by 588.
3
Calculate the remainder when 48376429 is divided by 104.
101
Calculate the remainder when 689626156 is divided by 299.
297
What is the remainder when 2061695 is divided by 669?
506
What is the remainder when 30453 is divided by 324?
321
What is the remainder when 124125 is divided by 1138?
83
Calculate the remainder when 6619599 is divided by 337.
245
What is the remainder when 58045 is divided by 56068?
1977
Calculate the remainder when 11758861 is divided by 4.
1
Calculate the remainder when 2178284 is divided by 311173.
73
Calculate the remainder when 9437494 is divided by 4718742.
10
What is the remainder when 48395423 is divided by 45?
38
What is the remainder when 2606842 is divided by 18?
10
What is the remainder when 136967 is divided by 100?
67
What is the remainder when 2154565 is divided by 17?
2
What is the remainder when 11615025 is divided by 464591?
250
What is the remainder when 319668 is divided by 319574?
94
What is the remainder when 150087 is divided by 1126?
329
Calculate the remainder when 353850 is divided by 2831.
2806
Calculate the remainder when 63276787 is divided by 47.
29
What is the remainder when 2468739 is divided by 3266?
2909
Calculate the remainder when 11654 is divided by 2906.
30
What is the remainder when 908995 is divided by 34956?
139
What is the remainder when 302795 is divided by 21594?
479
What is the remainder when 74195 is divided by 2809?
1161
Calculate the remainder when 146640558 is divided by 4127.
4121
Calculate the remainder when 2258287063 is divided by 11.
10
What is the remainder when 11949 is divided by 3864?
357
Calculate the remainder when 756532 is divided by 214.
42
Calculate the remainder when 10435970 is divided by 1385.
1380
Calculate the remainder when 2267535 is divided by 2267450.
85
Calculate the remainder when 9444601 is divided by 35.
26
Calculate the remainder when 20240712 is divided by 329.
303
What is the remainder when 235486 is divided by 1601?
139
What is the remainder when 2175670 is divided by 4?
2
Calculate the remainder when 174125 is divided by 63.
56
What is the remainder when 34546 is divided by 11467?
145
Calculate the remainder when 10999 is divided by 1084.
159
What is the remainder when 142409 is divided by 142208?
201
What is the remainder when 650020 is divided by 324992?
36
Calculate the remainder when 531865 is divided by 132965.
5
What is the remainder when 42338812 is divided by 9860?
9832
What is the remainder when 329167793 is divided by 638?
625
What is the remainder when 2648002 is divided by 3130?
22
What is the remainder when 24093578 is divided by 4818711?
23
Calculate the remainder when 136551 is divided by 158.
39
Calculate the remainder when 8615426 is divided by 2097.
950
Calculate the remainder when 137603 is divided by 727.
200
What is the remainder when 1632976 is divided by 233177?
737
What is the remainder when 2954187 is divided by 13434?
12141
Calculate the remainder when 23152006 is divided by 488.
310
Calculate the remainder when 2328899 is divided by 465713.
334
Calculate the remainder when 5888 is divided by 536.
528
What is the remainder when 253103 is divided by 415?
368
Calculate the remainder when 18798443 is divided by 63.
62
What is the remainder when 1408948 is divided by 829?
477
What is the remainder when 25124340 is divided by 473?
472
Calculate the remainder when 35887356 is divided by 40.
36
What is the remainder when 1969851 is divided by 29846?
15
Calculate the remainder when 39238334 is divided by 67.
52
What is the remainder when 144834558 is divided by 91?
50
Calculate the remainder when 397931 is divided by 2534.
93
What is the remainder when 99964205 is divided by 321?
311
Calculate the remainder when 92089578 is divided by 46044784.
10
What is the remainder when 1825431 is divided by 4275?
6
Calculate the remainder when 303730 is divided by 43380.
70
Calculate the remainder when 2071053 is divided by 331.
317
What is the remainder when 799413 is divided by 10792?
805
What is the remainder when 11183372 is divided by 2503?
2471
What is the remainder when 246131 is divided by 4253?
3710
What is the remainder when 2358748 is divided by 2783?
1547
Calculate the remainder when 4849272 is divided by 13.
12
Calculate the remainder when 38409234 is divided by 769.
760
Calculate the remainder when 120475 is divided by 120281.
194
Calculate the remainder when 331992 is divided by 3192.
24
What is the remainder when 29318847 is divided by 30?
27
Calculate the remainder when 70482 is divided by 28.
6
Calculate the remainder when 10438490 is divided by 149.
146
What is the remainder when 287423 is divided by 819?
773
What is the remainder when 48027 is divided by 11799?
831
What is the remainder when 325899 is divided by 55?
24
What is the remainder when 189972 is divided by 1640?
1372
Calculate the remainder when 69782991 is divided by 5761.
5759
What is the remainder when 310194657 is divided by 4303?
4296
Calculate the remainder when 38354341 is d